 Suppose -p = -2*n + w. What are the prime factors of n?
3
Let c(l) = -3*l + 1. Let u be c(-3). Let s = 31 - u. What are the prime factors of s?
3, 7
What are the prime factors of (-3)/(-15) + (-1988)/(-35)?
3, 19
List the prime factors of (-218)/2*(-4 + 1)/3.
109
Let l(o) = o**2 + 7*o**2 - 5*o - 1 - 2*o**2 - o**3. What are the prime factors of l(4)?
11
Let r = 76 + -22. Suppose 10 - r = -4*p. List the prime factors of p.
11
Suppose -h + r + 3 = -0*r, 0 = -5*h + 3*r + 17. Suppose 3*c = -0 - 9, -h*c - 49 = -b. List the prime factors of b.
37
Suppose 0*p = 4*p + 2*x + 2, 5*p = -x + 2. Suppose m + 5*y - p = -17, 5*m + 2*y + 11 = 0. List the prime factors of 1/(m + 8/6).
3
Suppose 0 = -2*h + 6, -h - 2 + 1 = 2*r. Suppose 3*y = -9, 2*y = -3*m + 7 + 14. Let z = m - r. List the prime factors of z.
11
Let m be (1*-1)/(5/(-50)). Let a = -1 + m. List the prime factors of a.
3
Let d = 19 + -29. Let o = d + 27. List the prime factors of o.
17
Suppose -r + 161 - 11 = 0. List the prime factors of r.
2, 3, 5
Suppose 0 = -3*x - 3*x + 198. What are the prime factors of x?
3, 11
Let z = 10 + -6. Suppose z*g + 0 - 104 = 0. What are the prime factors of g?
2, 13
Let u(y) = -24*y - 54. Let b(d) = -5*d - 11. Let g(n) = -14*b(n) + 3*u(n). List the prime factors of g(-7).
2, 3
Let a(n) = 6*n**2 - 2*n - 1. Let g be a(-2). Suppose -4*q = -q - g. What are the prime factors of q?
3
Let n(d) = -12*d**3. What are the prime factors of n(-1)?
2, 3
Suppose 0*t - 3*t = 18. Let u be t*((-2)/(-4) + 0). Let f = u - -12. What are the prime factors of f?
3
Let k be 48/4*2/(-4). Let g = -4 - k. Suppose -60 = -7*i + g*i. List the prime factors of i.
2, 3
What are the prime factors of (-99)/(-4) + 3/(-4)?
2, 3
Suppose 5*n = 3*o - 17, -3*n - o = -n - 2. Let v = -1 - 8. What are the prime factors of (v + (-6)/(-3))*n?
7
Suppose -12 = -4*u + 8. Suppose -u*j + 113 = 33. List the prime factors of j.
2
What are the prime factors of 0 - (3 + -2 + -9)?
2
Let i = -23 + -26. Let y = -4 - i. List the prime factors of y.
3, 5
Let i = 70 - 52. List the prime factors of i.
2, 3
Let u be (5/3)/((-6)/(-18)). Let x(o) = o + 12. What are the prime factors of x(u)?
17
Let w = -3 + 3. Let m(g) = -g**2 - g - 8. Let y be m(w). Let o = 1 - y. List the prime factors of o.
3
Let z = -2 + -2. Let j = 8 + z. List the prime factors of j.
2
What are the prime factors of 12 + 1 + 4 - 2?
3, 5
Let l be (-7)/(-14)*2*1. Let g(i) = 12*i - 1. List the prime factors of g(l).
11
Let y be -1 + (1 - 2)*-1. Suppose 4*x + 30 - 6 = y. What are the prime factors of 2/3 + (-44)/x?
2
Suppose -4*f + 217 = 21. What are the prime factors of f?
7
What are the prime factors of 135 - (3 + 2 - 4)?
2, 67
Let c = 60 + 259. What are the prime factors of c?
11, 29
Let r be 6 + 45 + 3/(-1). Suppose 4*i - r = 12. What are the prime factors of i?
3, 5
Let h = -17 + 33. What are the prime factors of h?
2
Let h be (-6)/9*30/(-4). Suppose 0 = -h*j + l + 3, 2*j + 3*l = 3*j - 9. Suppose 5*f - 4*f - 5 = j. What are the prime factors of f?
5
Suppose 5*i = 7 - 2. Let w(p) = 39*p**3 + p**2. What are the prime factors of w(i)?
2, 5
Let r(l) = l**2 - 6*l - 10. Let k be r(8). List the prime factors of 18/(-4)*(-4)/k.
3
Let p(g) = g + 4. Let t be p(3). Let y(i) = -i**3 - 9*i**2 - 9*i - 3. Let h be y(-8). Suppose -2*k = -3*o - h, -3 = -k - o + t. What are the prime factors of k?
7
Suppose -37 = -5*j + 88. List the prime factors of j.
5
Let v(m) = 3*m**2 + 2*m + 2. Let y(j) = 3*j**2 + 3 - j - 4 - 4*j**2. Let c(f) = -v(f) - 4*y(f). What are the prime factors of c(-3)?
5
Let g(c) = 3*c**2 - 7*c - 4. List the prime factors of g(4).
2
Suppose 0 = -6*u + 2*u - h - 21, 4*u - h = -19. Let g(l) = -7*l. What are the prime factors of g(u)?
5, 7
Suppose -3*j = -12, -117 = -3*i + 2*j + j. What are the prime factors of i?
43
Let g(q) = q**3 + 11*q**2 - q + 15. List the prime factors of g(-11).
2, 13
Suppose -25 = -3*q - 2*q. What are the prime factors of q?
5
Suppose y = -0*y - a + 10, -5*a + 28 = 3*y. Suppose x + 2*m = 4*x - y, -4*x = m - 11. What are the prime factors of x?
3
Suppose 2*v - 3*d - 25 = 0, -6 = -v - 0*v - 5*d. List the prime factors of v.
11
Let n(f) = -f**2 + 4*f + 5. Let i be n(5). Let o = 29 - 21. Suppose y - 6 - o = i. What are the prime factors of y?
2, 7
Let d(j) = -j**3 + 4*j**2 + 4*j - 3. Suppose 0 = i + 2 + 1. Let h = 7 + i. List the prime factors of d(h).
13
Let b(y) = -y**2 + 14*y - 15. Let v be b(12). Suppose j + 3*l = v, 5*j - 45 = -l - l. Suppose 3*m - 63 = w, w - 8 = -m + j. List the prime factors of m.
2, 5
Let m(c) = 6 + c**2 - 3 - 4 + 3*c. Suppose -8 = 7*g - 5*g. What are the prime factors of m(g)?
3
Suppose 0*l + 10 = 5*l. What are the prime factors of (-3)/l + 54/12?
3
Let z(f) = -3*f - 8. What are the prime factors of z(-9)?
19
Let p(h) = -h**3 + 3*h**2 + 6*h + 5. Let g be p(5). Let w = -6 - g. What are the prime factors of w?
3
Suppose -2*f - f + 37 = 4*i, -3*f = i - 25. Let b(j) be the third derivative of j**4/24 - j**3/2 - 4*j**2. List the prime factors of b(f).
2
What are the prime factors of -4*((-135)/6 + 4)?
2, 37
Let m(x) = -x**3 + 9*x**2 - 3*x - 4. What are the prime factors of m(7)?
73
Suppose 5*l = 3*l. Suppose l = -5*o + 3*o + 52. List the prime factors of o.
2, 13
Let a be -12 + 0 + -3 + 1. Let y = -7 - a. List the prime factors of y.
7
Suppose n = 5*p - 15, -15 = -2*n - 0*p - 5*p. Suppose -2*j - 3*o + 34 = 0, 5*j - 2*o - 38 - 28 = n. List the prime factors of j.
2, 7
Let b(n) = 3*n**2 + 7*n - 37. What are the prime factors of b(5)?
73
Let w = 62 - 19. Suppose 0 = 4*c - 4*j + 52, c - 6*c - 55 = -3*j. List the prime factors of w/3 - c/12.
3, 5
Let t be (3/1)/((-2)/(-2)). Let y(q) = q**2 - q**3 + 5*q + 2*q**2 - 4 - 3*q. What are the prime factors of y(t)?
2
Let q(d) = 18*d**2 - 1. Let l be -3*(-1)/3*2. Suppose -5*p - 7 = -l. What are the prime factors of q(p)?
17
Let g be -1*(-2 - (-1 - -2)). Suppose g*j = 15, 0 = 4*k - 2*j - j - 173. What are the prime factors of k?
47
Let a = 89 - 48. List the prime factors of a.
41
What are the prime factors of ((-21)/(-14))/((-3)/(-160))?
2, 5
Suppose -3*d + 24 = -7*d. Suppose 0 = -2*f - 10 - 8. What are the prime factors of d/f + (-10)/(-3)?
2
Suppose -4*w - 39 = -v - 2*w, 0 = -5*v + 2*w + 211. List the prime factors of v.
43
Let n(o) = -o**3 - o**2 + 2*o + 1. What are the prime factors of n(-3)?
13
Let p(q) = -q**3 + 11*q**2 - 5*q + 7. List the prime factors of p(10).
3, 19
Let x(t) = t**3 - t - 1. Let m(w) = -w + 10. Let y be m(8). Suppose j + 0 = y. What are the prime factors of x(j)?
5
Suppose -y = -2*y + 32. What are the prime factors of y?
2
Let t(h) = -h + 8. Let n be t(0). Let k(p) = -p**2 + 11*p + 3. Let l be k(n). List the prime factors of 222/l + 2/(-9).
2
What are the prime factors of 6 + 85/(-15) + 818/3?
3, 7, 13
Suppose 2 = 3*r - m + 3, 3*m = -r + 3. Let g = 9 - r. What are the prime factors of g?
3
Suppose 2*l + 7 = 87. Let o = -6 + l. List the prime factors of o.
2, 17
Suppose -2*r = 5*g - r - 70, -2*r = 4*g - 56. List the prime factors of g/(-2)*(-24)/14.
2, 3
Let k = -8 - -1. Let r = k + 11. What are the prime factors of r?
2
Let g be -4*3/(-3)*-6. List the prime factors of 210/16 - (-3)/g.
13
Suppose 4*j - j - 4 = -2*u, 4 = -2*j. Suppose 2*f - 4 = -2, 0 = -m + 5*f + u. List the prime factors of m.
2, 5
Let m(h) = h**3 + 3*h**2 - 2. List the prime factors of m(-2).
2
Let t(d) = -d**3 + d**2 - 14. Let v be t(0). Let w = -3 - v. What are the prime factors of w?
11
Suppose 0 = -4*c - 2*g + 30 + 24, c + 5*g + 9 = 0. Let r = 34 - c. What are the prime factors of r?
2, 3
Let w = -6 + 8. Suppose -32 = -w*y + 4*s - s, 0 = y - 3*s - 16. What are the prime factors of y?
2
Suppose -10 = -3*r + 2*c, 5*r + 0*c = -4*c + 24. Let i(a) = -2*a**2 + 4*a - 2. Let y be i(2). Let q = r + y. What are the prime factors of q?
2
Suppose m - 170 = -4*m. What are the prime factors of m?
2, 17
What are the prime factors of (-3)/(-6)*2 - (-89 - -2)?
2, 11
Let p(u) = u**2 + 2*u + 12. List the prime factors of p(-7).
47
Let g(s) = -s**3 + 7*s**2 + 9*s - 6. Let v be g(8). Suppose v*r - 4 = -16. Let a(f) = -f**2 - 6*f + 8. What are the prime factors of a(r)?
2
Let j(g) = -g**3 - 5*g**2 + 9*g + 5. Let a be j(-6). Let v(s) = -3*s - 13. What are the prime factors of v(a)?
2, 13
Let m(p) = p**3 + 5*p